6 = 0, 7 = -5*g - 5*m - 8. Calculate q(g).
0
Let z(w) be the first derivative of -w**3/3 + 3*w**2/2 + w - 19. Calculate z(4).
-3
Let f(h) = h**2 - 6*h - 7. Let p(q) = -5 + 0*q**2 + q**2 + 20 - 10*q. Let s be p(9). Calculate f(s).
-7
Let x(k) = -11*k**3 - 4*k**2 + 6*k - 11. Let n(h) = -h**3 - h**2 + h - 2. Let v(p) = -5*n(p) + x(p). Determine v(-2).
49
Let h(p) = 23*p + 8. Let j(c) = -19*c - 8. Let r(q) = 4*h(q) + 5*j(q). What is r(-6)?
10
Let d = -5 + 2. Let c(s) = 4*s**2 + 6*s + 2. Let v be c(-2). Let o(j) = -7*j + 4*j + 4 - v + j**2 + 6 + j**3. Determine o(d).
-5
Let j(h) = -h**3 - h**2 - 4*h + 1. Let w(n) = -n**3 - 7*n**2 - 6*n + 1. Let u(d) = 2*j(d) - w(d). Give u(3).
13
Let r(s) = s**2 - 7. Let u be r(-5). Let l = 13 - u. Let x(q) = -2*q**2 - 8*q - 5. What is x(l)?
-15
Let h(c) = -c**2 + 2*c + 2. Let m be h(0). Let t(g) = 2 - 8*g**2 - 3*g**3 - 1 - m*g**3 - 6*g + 4*g**3. What is t(-7)?
-6
Let t(d) = -2*d + 3. Let h(o) = -8 + 18 - 14 + 3*o. Let i(r) = 4*h(r) + 5*t(r). What is i(-2)?
-5
Let p = 266 + -266. Let x(n) be the third derivative of 1/120*n**6 + 0*n + 1/60*n**5 + 1/2*n**3 + 0*n**4 + 0 + 3*n**2. Determine x(p).
3
Let t(q) = 35*q**2 - 54*q**2 + 20*q**2 + 4 - 9*q. Calculate t(8).
-4
Let z be (-4)/(40/(-14)) - 8/20. Let s = -5 - z. Let v(a) = -4*a + 7. Let h(d) = -d. Let t(w) = 5*h(w) - v(w). Calculate t(s).
-1
Suppose 2*m + 5 = -5*l - m, 0 = -m - 5. Let f(o) = 6 + 11*o**2 - 7*o**l - 3*o + 3*o**3 + o**3 - 5*o**3. Suppose -3*i = -3 - 9. Determine f(i).
-6
Let q(r) = -r**3 + 2*r**2 + 1. Let y(f) be the second derivative of f**5/10 + 7*f**4/12 - f**3/6 - 2*f**2 - 12*f - 2. Let a(u) = q(u) + y(u). Calculate a(-9).
6
Let j be (2 - 2)/((-2)/(-1)). Suppose -4*t + 5 + 7 = j. Suppose -4 = 4*o - 3*c + 25, 0 = t*c - 9. Let x(z) = z**2 + 5*z. Give x(o).
0
Let x(g) = 8*g**2 + 11*g**2 - 29*g**2 + 5 + g + 9*g**2. What is x(5)?
-15
Let o(p) = -2*p**2 + 2*p + 1. Let z be ((-2)/(-4))/((-1)/(-4)). Suppose -7*v + z*v = 10. What is o(v)?
-11
Let k(p) = -2*p**2 + 24*p + 2. Let y(w) = 67*w - 189. Let i be y(3). Calculate k(i).
2
Suppose 0 = s + 7 - 2. Let x(n) be the second derivative of -n**3/6 - 7*n**2/2 - n + 76. Give x(s).
-2
Let z(g) = 14227*g**3 - 14226*g**3 - 12*g + 11 + 0*g**2 - 2*g**2. What is z(4)?
-5
Let c(d) be the second derivative of -d**5/20 + 7*d**4/12 - 7*d**3/6 + 5*d**2/2 - 321*d. Give c(5).
20
Let r(t) = 7 + 1167*t + 21 - 1172*t. Give r(8).
-12
Let n(r) = 23 + r**2 - 21 + 5 + 2 - r. What is n(0)?
9
Let l(f) = -2*f**2 - 17*f + 5. Let x(j) = 5*j**2 + 39*j - 11. Let a(u) = -7*l(u) - 3*x(u). Determine a(-4).
-26
Let n(y) = -y + 16. Let t be n(14). Suppose -o + 0*m + 1 = -m, -5*o + t*m = -5. Let b(g) = 7*g**2 + g - 1. Give b(o).
7
Suppose 4*i + 4 = 5*a - 1, 0 = -4*a + 4*i + 8. Let d(m) = -17*m**2 - 31*m + 11. Let q(g) = -3*g**2 - 6*g + 2. Let y(v) = -2*d(v) + 11*q(v). Give y(a).
21
Let u(m) = 2*m + 4. Let v be (-6)/(-6)*(-2 + 23). Let c = v + -26. Calculate u(c).
-6
Let f(h) = 54*h**3 + 69*h**3 - 7*h**2 + 8*h - 7 - 122*h**3. Give f(6).
5
Let m(r) = -r**3 + 7*r**2 + 2*r + 17. Suppose -98*c + 981 = 295. Give m(c).
31
Suppose -67 = -96*l - 163. Let u(d) be the third derivative of -3*d**4/4 - d**2. Calculate u(l).
18
Let h(l) = -4*l**2 + l - 1. Let c(f) = 6*f**2 - 5*f. Let a(v) = -c(v) - 2*h(v). What is a(-2)?
4
Let t(r) = r**3 + 6*r**2 + 3*r + 19. Let o be (120/(-50))/(2*(-3)/(-15)). Calculate t(o).
1
Let r(w) = 2*w. Let v = -844 - -842. Give r(v).
-4
Let h(m) = -m + 12. Let d(y) = -y**3 + 7*y**2 + 7*y + 8. Let n be d(8). Let w(p) = p**3 + p + 10. Let r be w(n). Let c = r + -5. What is h(c)?
7
Let d = 97 - 98. Let u(h) = -h. Let z(q) = -13*q - 1. Let p(y) = -6*u(y) + z(y). What is p(d)?
6
Let t(b) = -155*b**3 + 2*b - 3 + 158*b**3 + 1 - 1. What is t(2)?
25
Let z(o) be the second derivative of -7/6*o**3 - 1/3*o**4 + 1/20*o**5 + o**2 + 0 + o. Suppose 2*a - 22 = -3*p - 15, -33 = -5*p + 2*a. What is z(p)?
-8
Suppose 68 = -w + 24. Let j = 43 + w. Let o(x) = -x. Calculate o(j).
1
Let z(t) = -t**3 - 29*t**2 + 8*t + 27. Let k(i) = -i**3 - 26*i**2 + 7*i + 27. Let d(m) = -6*k(m) + 5*z(m). Determine d(-11).
-5
Let r(s) = 0*s**2 + 12*s**2 + 2*s**2 - 17*s**2 + 3. Give r(-2).
-9
Let z(j) = -j**3 - 8*j**2 - 5*j + 2. Let k be z(-7). Let i be 1/3 - 133/21. Let l = i - k. Let o(p) = -p**3 + 6*p**2 - p. Give o(l).
-6
Let x(t) be the third derivative of -t**5/60 - t**4/24 + 2*t**3/3 + 313*t**2. Let k(u) = u**3 - 5*u**2 + 3*u - 1. Let d be k(4). What is x(d)?
-16
Let d(s) = -3*s**2 - 6*s - 12. Let g(x) = -2*x**2 - 4*x - 8. Let m(l) = 5*d(l) - 7*g(l). Let p = 5 + -11. Let j be (p/4)/(2/4). Determine m(j).
-7
Let x(o) = -o - 6. Let p = 900 - 900. What is x(p)?
-6
Let r(p) = 6*p**2 + 3*p - 3. Let x(z) = 30*z**2 + 16*z - 16. Let l(v) = 11*r(v) - 2*x(v). Calculate l(-1).
4
Let j = 1175 - 1176. Let a(g) = -65*g**3 + 2*g + 1. What is a(j)?
64
Let i(l) = 2*l**2 + 7*l - 5. Let h = 35 + -38. Let v(q) = q**2 - 1. Let g(x) = h*v(x) + i(x). Calculate g(6).
4
Let r(h) = 1. Let x(b) = 1 - 3*b + 0*b - 9 + 6. Let z(i) = 2*r(i) + x(i). Calculate z(1).
-3
Suppose 65 = -3*k + 2. Let h be (-3)/(k/10) - 27/63. Let g(m) = 5*m**3 + m. Give g(h).
6
Suppose -7*y + 10 = -2*y. Let a(f) = 3*f + f + y + 2*f + f**2 + 0*f. Determine a(-5).
-3
Let n(d) = d**3 - 4*d**2 - 2*d + 5. Let i(p) = 2*p + 6. Let v be i(0). Let s be (-156)/13*(-2)/v. Give n(s).
-3
Let t(a) = -1 + 3*a - 4*a + 2*a. Suppose -2*h = -2 - 6. Suppose h*y - 2 = 6*y. Give t(y).
-2
Let u(r) = 6 + 3*r - 1 - 4*r + 4. Suppose 4*i - 25 = -3*l, 2*l = -2*l + 4*i + 24. Give u(l).
2
Let s(k) = 5*k**2 - 1. Let t(f) = 3*f**2. Let h(b) = 2*s(b) - 3*t(b). What is h(5)?
23
Let o(n) = -n**3 + 4*n**2 + 9*n + 2. Let w = 2287 + -2282. Determine o(w).
22
Let z = -10 - -12. Let r be (-4)/14 + (-46)/(-14). Let o(j) = -z - j - 3*j + r*j. Give o(-2).
0
Let j(b) = b**2 - 7*b - 6. Let l = -476 + 484. Determine j(l).
2
Suppose 0 = -4*v + 3*a - 18, 4*a - 3 = -v + 2. Let h be v + (10 - (2 - 1)). Let o(y) = -y + h - y**2 - 3 + 4 - 5. What is o(-4)?
-10
Let o be 10/4*(-4)/(-5). Let q be (-2 - -1) + o + 0. Let x(d) be the third derivative of 7*d**6/120 - d**5/60 + d**4/24 - 77*d**2. What is x(q)?
7
Let u be 2 - (2 + (-76)/28)*-7. Let z(r) = 2*r + 3. Give z(u).
-3
Let s(l) = 18*l**3 - 9*l**3 - 1 + l + 1 - l**2. Let m = 90 - 89. What is s(m)?
9
Suppose -9*i + 11*i = 4. Let q(b) = 2*b**i - 25 + 27 - 10*b + b. Give q(6).
20
Let l(x) = 5*x - 1. Let i(d) = 9*d - 3. Let j(c) = 2*i(c) - 5*l(c). What is j(-1)?
6
Let h(z) = 5*z - 141. Let a be h(27). Let w(n) = -n**3 - 6*n**2 - 2. Calculate w(a).
-2
Let c = 125 - 121. Suppose c*m - 3*m + 1 = 0. Let i(n) = -11*n**2 + 2*n + 1. Give i(m).
-12
Let o(j) = -j**3 + 12*j - 3 - 6*j - 3*j**2 - j**2. Let h be (2 + -3)/(4/(-20)). Suppose 0 = h*b - 4*q + 9, 4*b - b = q - 11. Calculate o(b).
-8
Let o(x) = 6 - 2*x**3 + x**3 - 1546*x**2 - 2*x + 1551*x**2. Give o(4).
14
Let x(n) = -5*n**2 + 2*n - 1. Let z(m) = 5*m**2 - 6*m + 4. Let h(s) = 3*x(s) + z(s). Suppose 5*p = -2*j - 27, 4*p + 1 = -19. What is h(j)?
-9
Let s(c) be the first derivative of c**4/4 + 2*c**3 - 9*c**2/2 - 21*c - 300. What is s(-7)?
-7
Suppose -5*f + 3*j = 89, 7*j - 9 = f + 2*j. Let h(p) = p**2 + 18*p - 27. Give h(f).
-8
Let f(h) = -3*h - 3. Let v be f(-2). Suppose -v*y - y = 32. Let q(o) = o + 7. Let w be q(y). Let k(x) = 5*x**2. Determine k(w).
5
Let t be (9 - -3)*(-2)/(-4). Let r = t - 11. Let n(k) be the first derivative of -k**3/3 - 9*k**2/2 - 7*k - 185. Give n(r).
13
Suppose 0 = 6*t - t - 40. Suppose 2*a = -2*a + t. Let d be (0/a)/((-5)/5). Let u(o) = -o + 2. What is u(d)?
2
Let u(q) = -2 - 22*q + 1 + 2 + 21*q - 2. Suppose -1 + 9 = -2*b. What is u(b)?
3
Let z(a) = a**2 + 12*a + 16. Let n be -11 - (3 - (3 + 0)). What is z(n)?
5
Let m(c) be the second derivative of -c**5/20 - 2*c**4/3 + 3*c**3/2 + c**2/2 + 2*c + 853. Suppose -5*g - 4*i - 30 = -3*g, -4*i - 3 = -g. Give m(g).
1
Let s = -1 - -3. Let i(c) = -4 - s + 2*c + 6 - 3. Suppose 3*l = 11 - 2. What is i(l)?
3
Let r(c) = 925 - c + 926 - 2781 + 927. Suppose 0 = -n - 0*n + 5. Calculate r(n).
-8
Suppose 4*j + 1 = -3*g - 4, 5*j - 2 = -g. Let w be 2/(-24)*g*4. Let r(d) = d + w - 4 + 1 + 1. What is r(6)?
5
Let y = 18 - 15. Let b(g) = -g**2 + 3*g + 1. Calculate b(y).
1
Let n(q) = q - 1. Let r(l) = 3*l + 7. Let c be -3*(-2 + 